t g(x) = -11*x**2 - 330*x - 39. What is g(-28)?
577
Let d(g) = 485*g + 3893. Determine d(-8).
13
Let z(g) = -2098*g + 50374. What is z(24)?
22
Let v(u) = -8*u**2 - 241*u + 1. Give v(-30).
31
Let c(z) = 7*z + 442. Determine c(-65).
-13
Let u(d) = d**3 + 26*d**2 + 167*d + 18. Give u(-11).
-4
Let m(b) = b**2 - 1953*b + 21374. What is m(11)?
12
Let t(w) = -w**2 - 31*w + 115. Determine t(-40).
-245
Let d(p) = 46*p + 242. Calculate d(0).
242
Let f(o) = -201*o**2 - 30751*o + 303. Determine f(-153).
-3
Let a(t) = 1420*t + 14014. Give a(-10).
-186
Let i(d) = 540*d - 24326. Determine i(45).
-26
Let v(b) = -15*b + 80. Calculate v(7).
-25
Let b(f) = 35*f - 4906. Give b(140).
-6
Let q(d) = d**2 - 23*d + 167. Calculate q(8).
47
Let g(t) = -t**3 + 96*t**2 - 356*t - 1085. Determine g(92).
19
Let c(d) = -2*d**2 - 120*d + 465. What is c(4)?
-47
Let k(z) = z**3 - 31*z**2 + 152*z + 12. Determine k(25).
62
Let g(z) = 2424*z - 92104. Give g(38).
8
Let m(r) = 69*r + 1596. What is m(-26)?
-198
Let z(u) = 2*u**2 + 620*u + 3632. Calculate z(-304).
-16
Let p(m) = 2*m**2 - 37*m + 202. Determine p(8).
34
Let b(z) = 66*z - 8391. Calculate b(127).
-9
Let b(v) = -2115*v + 40176. Give b(19).
-9
Let c(k) = k**3 - 21*k**2 + 63*k + 16. Determine c(17).
-69
Let f(y) = -153*y + 1086. Give f(7).
15
Let g(s) = -s**2 - 2721*s - 64745. What is g(-24)?
-17
Let m(a) = 1730*a + 5186. Calculate m(-3).
-4
Let r(d) = d**3 + 44*d**2 + 481*d - 14. Give r(-24).
-38
Let h(g) = -g**3 - 25*g**2 + 87*g + 92. What is h(-28)?
8
Let y(n) = 4*n**3 - 9*n**2 - 5*n + 6. Give y(4).
98
Let c(i) = 318*i + 9532. What is c(-30)?
-8
Let f(r) = 182*r**2 - 312*r - 100. Calculate f(2).
4
Let j(k) = 33*k**2 + 922*k + 18. What is j(-28)?
74
Let l(y) = y**3 - 15*y**2 + 38*y + 39. Determine l(4).
15
Let o(k) = k**3 - 22*k**2 + 75*k - 46. What is o(18)?
8
Let b(j) = -4*j**2 + 231*j + 1636. What is b(64)?
36
Let z(m) = -44*m**2 - 234*m - 38. What is z(-5)?
32
Let j(a) = -8*a - 42. Give j(7).
-98
Let o(p) = -43*p + 150. Give o(-1).
193
Let z(l) = -l**3 + 70*l**2 + 176*l - 2301. Calculate z(72).
3
Let v(r) = -15*r + 170. Give v(18).
-100
Let l(i) = 59*i**3 - 3*i - 2. What is l(-1)?
-58
Let t(x) = 134*x**3 + 118*x**2 - 10*x + 1. Give t(-1).
-5
Let x(s) = 141*s - 790. Determine x(6).
56
Let l(w) = -w**3 + 34*w**2 - 247*w + 12. What is l(8)?
-300
Let k(l) = -4*l**2 - 81*l - 52. What is k(0)?
-52
Let u(o) = 2*o**2 - 119*o + 346. Give u(56).
-46
Let m(c) = -5*c**2 + 36*c - 41. What is m(6)?
-5
Let x(k) = -7*k**2 + 62*k + 443. Give x(-5).
-42
Let y(n) = -22*n**2 + 1718*n - 141. Determine y(78).
15
Let x(g) = 3*g - 88. What is x(14)?
-46
Let k(d) = d**3 - 14*d**2 - 36*d + 383. Give k(14).
-121
Let f(r) = 21*r - 113. Give f(8).
55
Let g(c) = c**2 - 4*c - 24. Give g(7).
-3
Let w(x) = 9*x - 75. Determine w(41).
294
Let s(j) = 2*j**2 - 368*j + 5966. What is s(166)?
-10
Let h(y) = -y**3 - 30*y**2 + 25*y + 83. Give h(-31).
269
Let s(r) = 5*r + 90. Calculate s(21).
195
Let v(c) = -2144*c + 6406. Calculate v(3).
-26
Let n(l) = -18*l**3 + 81*l**2 - 34*l - 10. Give n(4).
-2
Let l(o) = o**3 - 13*o**2 + 30*o - 201. Determine l(11).
-113
Let f(s) = 558*s + 1682. What is f(-3)?
8
Let j(g) = 26*g + 399. Determine j(-18).
-69
Let q(a) = -7*a**3 + 3*a**2 - 2*a - 6. Give q(2).
-54
Let n(u) = -2526*u - 12694. Calculate n(-5).
-64
Let k(d) = -d**2 + 52*d - 461. What is k(40)?
19
Let n(g) = -23*g**3 + 2*g**2 + 14*g - 36. Give n(3).
-597
Let u(z) = -2*z**2 - 12*z + 19. Give u(0).
19
Let t(u) = -u**3 - 12*u**2 + 17. What is t(0)?
17
Let f(s) = s**3 + 13*s**2 - 24*s + 166. Calculate f(-17).
-582
Let a(z) = 30*z + 138. Give a(-5).
-12
Let d(g) = -18*g + 289. What is d(16)?
1
Let q(m) = m**3 + 14*m**2 + 6*m + 32. What is q(-14)?
-52
Let v(l) = -l**3 - 66*l**2 + 98*l + 2084. Give v(-67).
7
Let k(m) = m**3 + 56*m**2 - 54*m + 24. Calculate k(-57).
-147
Let f(r) = 13*r**2 + 6*r + 3. Determine f(-3).
102
Let q(p) = -892*p - 5342. Give q(-6).
10
Let t(f) = -25*f + 1172. Calculate t(47).
-3
Let r(n) = -5*n**3 - 664*n**2 + 135*n + 264. Give r(-133).
-2
Let b(t) = -t**2 - 152*t - 2073. Determine b(-15).
-18
Let g(w) = -7*w**2 + 217*w - 170. Determine g(30).
40
Let h(x) = -38*x - 3045. Determine h(-79).
-43
Let j(q) = 320*q - 3825. Determine j(12).
15
Let v(g) = -23*g - 741. What is v(-30)?
-51
Let q(w) = -267*w - 272. Give q(-1).
-5
Let q(u) = -172*u - 20132. Determine q(-117).
-8
Let z(k) = k**2 + 14*k + 5. What is z(-15)?
20
Let q(s) = -297*s + 7211. What is q(24)?
83
Let t(m) = 3*m**2 + 169*m + 191. Calculate t(-55).
-29
Let f(z) = 46*z - 1732. Determine f(37).
-30
Let h(v) = 5*v**3 + 15*v**2 + 38*v + 193. Calculate h(-6).
-575
Let u(v) = -70*v - 384. What is u(-6)?
36
Let x(b) = b**2 + 55*b + 193. Determine x(-54).
139
Let u(r) = r**3 + 15*r**2 + 31*r + 236. Calculate u(-14).
-2
Let y(o) = -43*o - 8. Give y(-2).
78
Let x(l) = -3*l**3 - 10*l**2 - 15*l + 7. What is x(-4)?
99
Let a(v) = -v**3 - 171*v**2 - 4006*v - 295. Give a(-143).
-9
Let q(i) = 9*i - 706. Determine q(78).
-4
Let w(a) = -38*a**2 + 2698*a + 7. What is w(71)?
7
Let r(n) = n**3 - 8*n**2 - 3*n + 102. Give r(7).
32
Let u(d) = -4*d - 202. Give u(-51).
2
Let n(i) = 5*i**3 + 35*i**2 + 9*i + 74. Determine n(-7).
11
Let m(a) = a**3 + 103*a**2 + 107*a + 591. Give m(-102).
81
Let o(v) = -2*v**2 - 96*v - 103. Calculate o(-48).
-103
Let i(p) = -196*p + 1496. Determine i(8).
-72
Let m(z) = -z**2 + 65*z - 692. Give m(53).
-56
Let m(d) = 1048*d - 1049. What is m(1)?
-1
Let z(k) = 29*k**2 + 467*k + 19. Calculate z(-16).
-29
Let t(p) = -142*p - 591. Give t(-4).
-23
Let u(v) = v**2 - 13*v - 121. Determine u(16).
-73
Let n(p) = -p**3 - 17*p**2 + 34*p - 76. Determine n(-19).
0
Let v(n) = -9*n - 89. Give v(-21).
100
Let p(f) = -f**3 + 133*f**2 + 17*f - 2302. Give p(133).
-41
Let q(g) = 4*g**2 + 21*g + 289. Calculate q(-13).
692
Let x(r) = -170*r + 8442. What is x(50)?
-58
Let a(s) = 6*s**2 + 59*s - 409. What is a(-14)?
-59
Let s(l) = -2*l**2 + 987*l + 5977. Calculate s(-6).
-17
Let a(n) = -35*n - 520. Give a(-14).
-30
Let k(b) = 6*b**2 - 58*b + 127. What is k(3)?
7
Let u(f) = 2*f**2 - 44*f - 92. Give u(24).
4
Let d(t) = -3*t**2 - 226*t + 448. What is d(2)?
-16
Let f(z) = -z**2 - 33*z + 4274. Give f(-84).
-10
Let j(i) = i**2 + 9*i - 148. What is j(-21)?
104
Let q(o) = o**3 - 12*o**2 + 110*o - 538. Give q(6).
-94
Let t(i) = 53*i - 706. Give t(13).
-17
Let f(c) = 19*c**2 + 94*c - 470. Give f(-8).
-6
Let c(v) = 1443*v - 10098. What is c(7)?
3
Let f(n) = -n**3 + 22*n**2 - 30*n + 219. Determine f(21).
30
Let o(i) = 3*i + 256. Give o(-80).
16
Let q(c) = -c**3 + 9*c**2 + 5*c - 142. Calculate q(7).
-9
Let q(s) = -2*s**3 + 38*s**2 - 118*s - 39. Calculate q(15).
-9
Let h(y) = -945*y - 49153. What is h(-52)?
-13
Let r(k) = k**3 + 7*k**2 + 3*k - 14. What is r(-6)?
4
Let u(h) = h**3 - 3*h**2 + 132*h - 415. What is u(3)?
-19
Let p(z) = -z - 146. Give p(0).
-146
Let u(f) = 3*f**3 + 82*f**2 + 87*f - 448. What is u(-26)?
-6
Let p(m) = m**2 - 10*m - 24. Give p(21).
207
Let o(i) = 79*i + 626. Give o(-8).
-6
Let n(u) = u**3 - u**2 + 5*u + 1. Calculate n(-6).
-281
Let g(c) = -c**3 - 2*c**2 + 74*c + 13. Give g(-10).
73
Let i(h) = 2*h**2 - 100*h - 1069. Give i(59).
-7
Let n(k) = 2274*k + 9120. Give n(-4).
24
Let w(z) = 2*z**2 + 31*z + 70. Determine w(-11).
-29
Let x(u) = u**2 - 2155*u + 12887. Give x(6).
-7
Let n(v) = v**3 - 226*v**2 - 757*v + 16033. What is n(229)?
3
Let y(h) = -2*h**2 - 6*h - 7. What is y(-3)?
-7
Let d(n) = 5*n**2 - 81*n - 259. Calculate d(-3).
29
Let c(v) = 96*v - 458. Calculate c(4).
-74
Let u(s) = -s**3 - 10*s**2 - 24*s - 51. Determine u(-8).
13
Let x(v) = -2*v**3 - 38*v**2 - 9*v - 99. Calculate x(-19).
72
Let y(t) = t**3 + 19*t**2 - 67*t - 22. What is y(-22)?
0
Let s(n) = -n**3 + 14*n**2 - 25*n + 75. Determine s(6).
213
Let v(y) = 267*y + 2935. Give v(-11).
-2
Let u(j) = j**3 - 21*j**2 + 8*j - 99. What is u(20)?
-339
Let j(r) = r**3 - 80*r**2 - 86*r + 370. Give j(81).
-35
Let x(c) = -3*c**2 + 10*c + 11. Determine x(6).
-37
Let y(s) = s**2 + 631*s + 41715. What is y(-75)?
15
Let a(z) = 5827*z + 17488. What is a(-3)?
7
Let a(c) = -599*c - 8963. Calculate a(-15).
22
Let u(g) = -g**2 - 40*g + 81. Determine u(-44).
-95
Let j(m) = -15*m**2 + 31*m - 29. Give j(1).
-13
Let r(c) = -515*c + 6682. Calculate r(13).
-13
Let 